{"id":43,"date":"2014-10-23T10:07:47","date_gmt":"2014-10-23T09:07:47","guid":{"rendered":"http:\/\/regions.chantierecole.org\/idf\/?page_id=43"},"modified":"2023-10-26T10:54:45","modified_gmt":"2023-10-26T09:54:45","slug":"espace-emploi","status":"publish","type":"page","link":"https:\/\/regions.chantierecole.org\/idf\/espace-emploi\/","title":{"rendered":"RUBRIQUE EMPLOI"},"content":{"rendered":"<p>Vous souhaitez d\u00e9poser une candidature spontan\u00e9e pour trouver un poste dans un atelier et chantier d&rsquo;insertion en \u00cele-de-France ?<\/p>\n<p>Nous pourrons les faire figurer sur notre newsletter hebdomadaire, mais pas sur notre site Internet, pour des questions de protection des donn\u00e9es personnelles. Si vous souhaitez pr\u00e9senter votre CV et votre lettre de motivation \u00e0 de potentiels employeurs, merci de nous les faire parvenir \u00e0\u00a0<span style=\"text-decoration: underline\">contact.iledefrance@chantierecole.org<\/span>.<\/p>\n<p><a href=\"http:\/\/regions.chantierecole.org\/idf\/espace-emploi\/direction-coordination-developpement-formation\/\">Direction, coordination, d\u00e9veloppement, formation<\/a><\/p>\n<p><a href=\"http:\/\/regions.chantierecole.org\/idf\/espace-emploi\/encadrement-technique-et-pedagogique\/\">Encadrement technique et p\u00e9dagogique<\/a><\/p>\n<p><a href=\"http:\/\/regions.chantierecole.org\/idf\/espace-emploi\/accompagnement-socio-professionnel\/\">Accompagnement social et professionnel<\/a><\/p>\n<p><a href=\"http:\/\/regions.chantierecole.org\/idf\/espace-emploi\/stage-alternance\/\">Stage, alternance<\/a><\/p>\n<p><a href=\"http:\/\/regions.chantierecole.org\/idf\/espace-emploi\/secretariat-comptabilite-administratif\/\">Secr\u00e9tariat, comptabilit\u00e9, administratif<\/a><\/p>\n","protected":false},"excerpt":{"rendered":"<p>Vous souhaitez d\u00e9poser une candidature spontan\u00e9e pour trouver un poste dans un atelier et chantier d&rsquo;insertion en \u00cele-de-France ? Nous pourrons les faire figurer sur notre newsletter hebdomadaire, mais pas sur notre site Internet, pour des questions de protection des donn\u00e9es personnelles. Si vous souhaitez pr\u00e9senter votre CV et votre lettre de motivation \u00e0 de potentiels employeurs, merci de nous les faire parvenir \u00e0\u00a0contact.iledefrance@chantierecole.org. Direction, coordination, d\u00e9veloppement, formation Encadrement technique et p\u00e9dagogique Accompagnement social et professionnel Stage, alternance Secr\u00e9tariat, comptabilit\u00e9, administratif<\/p>\n","protected":false},"author":7,"featured_media":0,"parent":0,"menu_order":6,"comment_status":"closed","ping_status":"closed","template":"","meta":{"footnotes":""},"class_list":["post-43","page","type-page","status-publish","hentry"],"_links":{"self":[{"href":"https:\/\/regions.chantierecole.org\/idf\/wp-json\/wp\/v2\/pages\/43","targetHints":{"allow":["GET"]}}],"collection":[{"href":"https:\/\/regions.chantierecole.org\/idf\/wp-json\/wp\/v2\/pages"}],"about":[{"href":"https:\/\/regions.chantierecole.org\/idf\/wp-json\/wp\/v2\/types\/page"}],"author":[{"embeddable":true,"href":"https:\/\/regions.chantierecole.org\/idf\/wp-json\/wp\/v2\/users\/7"}],"replies":[{"embeddable":true,"href":"https:\/\/regions.chantierecole.org\/idf\/wp-json\/wp\/v2\/comments?post=43"}],"version-history":[{"count":8,"href":"https:\/\/regions.chantierecole.org\/idf\/wp-json\/wp\/v2\/pages\/43\/revisions"}],"predecessor-version":[{"id":7042,"href":"https:\/\/regions.chantierecole.org\/idf\/wp-json\/wp\/v2\/pages\/43\/revisions\/7042"}],"wp:attachment":[{"href":"https:\/\/regions.chantierecole.org\/idf\/wp-json\/wp\/v2\/media?parent=43"}],"curies":[{"name":"wp","href":"https:\/\/api.w.org\/{rel}","templated":true}]}}